2012
In base 11, what is 263398 - 0?
263398
In base 6, what is 103 - -32454?
33001
In base 7, what is 601 - 46?
522
In base 14, what is 87 + -451?
-3a8
In base 15, what is -90b + 20b?
-700
In base 8, what is -5 + 401273?
401266
In base 5, what is -1 + -1402204?
-1402210
In base 15, what is -77e93 - 2?
-77e95
In base 4, what is 132130 - 11?
132113
In base 6, what is 5051545 - 4?
5051541
In base 12, what is -2 + -a0410?
-a0412
In base 5, what is -211200 - 320?
-212020
In base 10, what is 1821 - 31?
1790
In base 4, what is -1032 - 222112?
-223210
In base 12, what is -373 - -52?
-321
In base 7, what is 21503 - 352?
21121
In base 10, what is 7628 + 329?
7957
In base 11, what is 453 + -5003?
-4660
In base 13, what is 446c66 - -4?
446c6a
In base 3, what is -201001 + -102010?
-1010011
In base 6, what is -22 + 43335?
43313
In base 13, what is -20 - 418?
-438
In base 11, what is -8a - 2a?
-109
In base 12, what is -1 + -3ba88?
-3ba89
In base 11, what is 433 + -14?
41a
In base 9, what is 157373 + -3?
157370
In base 11, what is -531a - 7?
-5326
In base 4, what is -1033 - 13312?
-21011
In base 3, what is -101221 + 20201?
-11020
In base 15, what is -c82 - 22?
-ca4
In base 13, what is -5ac7c - 0?
-5ac7c
In base 15, what is -1a + -1299?
-12b4
In base 16, what is -b5 - -132?
7d
In base 15, what is -500b + 0?
-500b
In base 9, what is -4515173 + -2?
-4515175
In base 3, what is 11 + 112020001?
112020012
In base 15, what is b - -5ec4?
5ed0
In base 16, what is 78 - -59b9?
5a31
In base 3, what is 11 + 2001220?
2002001
In base 9, what is -4702 + 812?
-3780
In base 14, what is -4 - -995d?
9959
In base 15, what is 6 + -a5c0?
-a5b9
In base 11, what is -1644a - -2a?
-16420
In base 14, what is 3700 - -1?
3701
In base 6, what is -5141 - -142?
-4555
In base 7, what is 536061 - 14?
536044
In base 10, what is 23872 - 0?
23872
In base 13, what is 1278 + 5b?
1306
In base 15, what is 4 + 501d6?
501da
In base 3, what is 1 - -1110001210?
1110001211
In base 3, what is 11 + -22011221021?
-22011221010
In base 13, what is -7 + -1a27b?
-1a285
In base 6, what is 2533 + 3122?
10055
In base 6, what is 20225 - -325?
20554
In base 3, what is 10001121 + 10?
10001201
In base 14, what is 5 - -1703?
1708
In base 5, what is -4014241 - 120?
-4014411
In base 7, what is -4621312 + -4?
-4621316
In base 6, what is -14 - -4324?
4310
In base 13, what is 11c + -5975?
-5856
In base 6, what is 12304 - 141?
12123
In base 3, what is 120111021121 + 0?
120111021121
In base 8, what is 0 - 120774?
-120774
In base 9, what is 6306 - 1?
6305
In base 8, what is 1472 + 1000?
2472
In base 13, what is -37 - 68?
-a2
In base 14, what is -2 - 18dc?
-1900
In base 3, what is 110021120220011 - -11?
110021120220022
In base 7, what is -1226650 - 34?
-1230014
In base 12, what is -22994 + 20?
-22974
In base 2, what is -1000000000 - -1010111?
-110101001
In base 14, what is 0 + -2537?
-2537
In base 8, what is 3 + 64532?
64535
In base 9, what is -26737 - -5?
-26732
In base 3, what is -21102 + 1011121020?
1011022211
In base 7, what is 1662132 + -4?
1662125
In base 6, what is 0 - -112551?
112551
In base 10, what is 203 + 557?
760
In base 13, what is -8c0b + 2?
-8c09
In base 11, what is -98 + -348?
-435
In base 13, what is 0 + -206719?
-206719
In base 8, what is 5 - 27243?
-27236
In base 14, what is 1c + -cc0?
-ca2
In base 12, what is 17a4 + 14?
17b8
In base 5, what is 123 - -1430140?
1430313
In base 5, what is 2031 - -4032?
11113
In base 13, what is -212 + -7?
-219
In base 4, what is 113231021 + 1?
113231022
In base 7, what is 413 - 12?
401
In base 6, what is -204155 + 112?
-204043
In base 11, what is -264 + -818?
-a81
In base 2, what is -1010101111110001011 - -11?
-1010101111110001000
In base 9, what is -6036 + -158?
-6205
In base 8, what is -32632 - -10?
-32622
In base 3, what is -12200 - 120112210?
-120202110
In base 8, what is -13 + 220431?
220416
In base 7, what is 531 + -23?
505
In base 11, what is 11 + -746?
-735
In base 13, what is 2 - -b845?
b847
In base 16, what is 2 + 377c?
377e
In base 15, what is -1c2304 + 1?
-1c2303
In base 13, what is 35 - -329?
361
In base 9, what is 43 - -10473?
10526
In base 12, what is 2 + 2a99?
2a9b
In base 6, what is 5 - 1213351?
-1213342
In base 7, what is -3 - 101503?
-101506
In base 5, what is -104 + 33442?
33333
In base 2, what is -11 - 1110111110111?
-1110111111010
In base 2, what is 11100111100001110 - -10?
11100111100010000
In base 12, what is -319a3 - 7?
-319aa
In base 16, what is -11b + -ac?
-1c7
In base 5, what is 1042 + -1442231?
-1441134
In base 8, what is 2112 + -17?
2073
In base 9, what is 4 + -2367214?
-2367210
In base 8, what is -43 + 77437?
77374
In base 14, what is 59 - -117?
172
In base 10, what is 74 + 43841?
43915
In base 6, what is -3 - 2243?
-2250
In base 9, what is -2 + 508525?
508523
In base 7, what is 1021504 - 2?
1021502
In base 13, what is -25 - 8a?
-b2
In base 13, what is -11 + -11772?
-11783
In base 12, what is -a5 - -5?
-a0
In base 6, what is 4135522 + 12?
4135534
In base 8, what is 47326 - -122?
47450
In base 11, what is -60 - 27?
-87
In base 13, what is -2 - 7343?
-7345
In base 2, what is -10100 + -10110100101?
-10110111001
In base 2, what is -1011110010100010001 - -101?
-1011110010100001100
In base 11, what is -2 + -285235?
-285237
In base 4, what is -12122002303 - 10?
-12122002313
In base 13, what is -1a6942 - 5?
-1a6947
In base 12, what is -136b - 50?
-13bb
In base 4, what is -101213 - -33?
-101120
In base 7, what is 5 - -1304115?
1304123
In base 10, what is 5 + -15808?
-15803
In base 8, what is 5 - -632062?
632067
In base 12, what is -772756 + -2?
-772758
In base 5, what is 12140 + -44134?
-31444
In base 11, what is -3057 + 0?
-3057
In base 12, what is -299 - 3375?
-3652
In base 9, what is 5 - -847354?
847360
In base 9, what is -33 - -75482?
75448
In base 7, what is -5 + 615456?
615451
In base 7, what is 1035022 + 1?
1035023
In base 3, what is -102212021011 - -12?
-102212020222
In base 13, what is -b1134 + -1?
-b1135
In base 6, what is 401252 - -2?
401254
In base 16, what is 241f23 + 1?
241f24
In base 5, what is 1104042 - -211?
1104303
In base 15, what is 19 - 1449e?
-14485
In base 10, what is 991 + -10?
981
In base 16, what is 1 + 278b8?
278b9
In base 12, what is 1b3 + 58?
24b
In base 11, what is 74369 - 0?
74369
In base 12, what is -36 - -13b22?
13aa8
In base 8, what is 153033 + 201?
153234
In base 12, what is -9 - 780?
-789
In base 12, what is -15 - -843?
82a
In base 11, what is 2 + -259536?
-259534
In base 12, what is 30a94 + -5?
30a8b
In base 12, what is 1 - -57653?
57654
In base 13, what is 4 - -258c1?
258c5
In base 9, what is 478 - 45?
433
In base 11, what is -4952a0 + -3?
-4952a3
In base 9, what is 83 + 10?
103
In base 5, what is -10 + 2141110?
2141100
In base 9, what is -440 - -11?
-428
In base 8, what is -3 + 42725?
42722
In base 12, what is -29 + 7366?
7339
In base 8, what is -7276 + -1?
-7277
In base 4, what is -2210212 + 11?
-2210201
In base 12, what is 23a + 13a?
378
In base 14, what is 2933c9 - -5?
2933d0
In base 10, what is -32280 - 5?
-32285
In base 14, what is -5 - c7c?
-c83
In base 5, what is -2 - 23110212?
-23110214
In base 7, what is -4144050 + 1?
-4144046
In base 14, what is 0 + 794d?
794d
In base 10, what is -348 - 42?
-390
In base 9, what is 1300 + 15?
1315
In base 9, what is -111112 - 30?
-111142
In base 8, what is -2 + 3725776?
3725774
In base 7, what is -44221 - -12?
-44206
In base 10, what is 243425 - -3?
243428
In base 14, what is 2 - 7919a?
-79198
In base 10, what is 68315 - -5?
68320
In base 6, what is 4344 - -43?
4431
In base 4, what is 13 - 312?
-233
In base 16, what is -43 + -e38?
-e7b
In base 3, what is -110200 + -1221?
-112121
In base 10, what is -4 - -231196?
231192
In base 10, what is -34710 - -3?
-34707
In base 4, what is 132 + 11110?
11302
In base 11, what is -3489894 - -2?
-3489892
In base 2, what is -10011010 - -110100?
-1100110
In base 2, what is 1101 + -101110100100?
-101110010111
In base 14, what is 540c + -53?
5399
In base 15, what is 236 + 190?
3c6
In base 6, what is 51 + -201?
-110
In base 3, what is -22 + 102102200?
102102101
In base 5, what is 4 - 102012?
-102003
In base 9, what is -1 + -335663?
-335664
In base 5, what is 113 - 43044?
-42431
In base 10, what is -606886 - -5?
-606881
In base 2, what is 101 